en i is divided by l?
8
Let l(t) = -6*t**2 - 248*t + 62. Calculate the remainder when l(-39) is divided by 257.
94
Let l(b) = -b**3 - 13*b**2 + 48*b - 17. Calculate the remainder when l(-17) is divided by 111.
101
Let q be (-4)/9 + 76/9. Suppose -6*p = 10 + q. Let v(l) = -7*l**3 - 4*l**2 - l + 2. Calculate the remainder when v(p) is divided by 40.
38
Suppose 0 = -3*r + 3*g + 1539, -3*r - 26 = 3*g - 1559. What is the remainder when r is divided by 87?
77
Suppose n + 3*g - 1970 = 0, 4*n - 5*g + 196 - 8127 = 0. What is the remainder when n is divided by 17?
7
Let u be (-7)/(-2)*6*2. Suppose -u = v - 168. Calculate the remainder when v is divided by 32.
30
Let s = 8 - 60. Let j = -66 - s. Calculate the remainder when (-210)/j*((-4)/(-5) - 0) is divided by 8.
4
Let t(h) = 4*h**2 - 113*h + 910. Suppose 0*z = -2*z + 50. What is the remainder when t(15) is divided by z?
15
Suppose 2*w + t - 4*t = 16, 3*w + 5*t - 5 = 0. Let s(h) = 13*h - 81. Suppose -24*g = -138 - 54. Calculate the remainder when s(g) is divided by w.
3
Suppose -45*h + 1704 = -30*h - 3*h. What is the remainder when 12777 is divided by h?
139
Suppose -2*j + 123 + 47 = 0. Let d(l) = l**3 - 5*l**2 - 34*l - 14. Calculate the remainder when d(11) is divided by j.
83
Let g(r) = 932*r**2 - 2*r**3 - 940*r**2 - 8*r**3 - 18*r - 3. What is the remainder when g(-2) is divided by 17?
13
What is the remainder when 47/((-1 - 0)*(-7)/119) is divided by 73?
69
Let j(l) = 233*l + 6587. Suppose -a - i + 5 = 0, 2*a + 3*a = -2*i + 31. Let p = 40 - a. Calculate the remainder when j(-28) is divided by p.
30
Suppose 0 = l + 6, o + l = -2*o + 294. What is the remainder when 278 is divided by o?
78
Let o = 3320 + -3292. What is the remainder when 1274 is divided by o?
14
Suppose 59*x - 7 = 60*x. Let i(p) = -p + 3. Calculate the remainder when 14 is divided by i(x).
4
Suppose -2*j = -44 + 46, 2215 = 3*i - 4*j. What is the remainder when i is divided by 284?
169
Let u = -133 - -119. Suppose 0 = 2*a + 4, -h = -4*h - a + 70. Let r = u + h. What is the remainder when 19 is divided by r?
9
Let k(p) = -p**3 + 13*p**2 - 39*p + 7. Calculate the remainder when 3441 is divided by k(6).
16
Let x(l) = 48 + 20 - 5*l + 11*l - 1. Suppose -3*f = 5*z + f - 133, 4*z - 106 = -3*f. What is the remainder when x(-3) is divided by z?
24
What is the remainder when (-14)/21*(-2873)/(-17)*-24 is divided by 881?
61
Let b = -687 + 1204. Calculate the remainder when b is divided by 269.
248
Suppose -398*p + 5422 + 18519 + 5909 = 0. What is the remainder when 1157 is divided by p?
32
Let y(x) be the first derivative of x**3 + 2*x**2 - 10*x + 128. Suppose 17 = 5*d + k + k, 4*k + 31 = 3*d. What is the remainder when y(d) is divided by 43?
42
Let d(i) be the first derivative of -13*i**2/2 - 17*i + 9. Let t be d(-10). Let u = t + -99. Calculate the remainder when 67 is divided by u.
11
Let a(v) = 4*v**3 - v. Let z(h) = -5*h + 108. Let l(i) = -13*i + 309. Let o be l(23). Calculate the remainder when z(o) is divided by a(2).
28
Let l = -483 - -808. Let c = l - -121. Calculate the remainder when c is divided by 16.
14
Let a = 69 + -74. Let x(v) = -43*v + 52. What is the remainder when x(a) is divided by 45?
42
Let u(o) = 50*o - 11. Suppose -2 = -0*d - d. Let n be u(d). Let h = n - 42. Calculate the remainder when h is divided by 5.
2
Let c = 777 - 767. What is the remainder when 55 is divided by c?
5
Suppose 1076 = 2*q - 6*q. Suppose 0 = -5*g - 3*d + 2*d + 86, 3*d + 12 = 0. Calculate the remainder when (-4)/16 + q/(-4) + 1 is divided by g.
14
Let k(o) = -o**2 - 31*o - 236. What is the remainder when 1852 is divided by k(-14)?
0
Let j = -154210 + 154353. Let n(a) = 8*a + 17. Let q(d) = d + 2. Let f(k) = -6*n(k) + 51*q(k). Calculate the remainder when j is divided by f(4).
11
Suppose 409*d + 3151 = 467*d - 3287. Suppose 3*z = 3*i - 150, -3*i = 2*z + z - 174. What is the remainder when d is divided by i?
3
Suppose -5*w - p = -5311, 756*p + 5287 = 5*w + 753*p. Calculate the remainder when w is divided by 151.
4
Let y be 720 + 10 + (0 - 7). Let j = -506 + y. What is the remainder when j is divided by 74?
69
Let f(t) = -3*t - 7. Let n(y) = y - 3. Let w be n(6). Suppose -3*g = -i, 5*i - w*g = 2*g - 30. What is the remainder when 37 is divided by f(i)?
17
Suppose -3*g + 8*c = 13*c - 5511, 5*c = 5*g - 9225. Calculate the remainder when g is divided by 613.
3
Let g = 7997 - 7452. What is the remainder when g is divided by 180?
5
Let n(j) = -j**2 + 12*j + 16. Let d(k) = 5*k**2 - 47*k - 63. Let y(o) = -2*d(o) - 9*n(o). What is the remainder when 41 is divided by y(-12)?
5
Suppose 5*k - 5 = -10. Calculate the remainder when 64 is divided by 28 - (k + -6 + 1).
30
Suppose -26*t = -141*t + 156860. What is the remainder when t is divided by 13?
12
Suppose 20*m - 33*m = -5*m - 104. Calculate the remainder when 896 is divided by m.
12
Let m = -76 + 152. Let n(l) = -4*l**2 + 106*l - 41. Let p = 762 - 736. Calculate the remainder when m is divided by n(p).
10
Let m(q) = 3*q + 3. Let h(g) = 3*g - 1. Let k be h(3). Calculate the remainder when 788/10 + (-10)/(-50) is divided by m(k).
25
Let d = 18 - 6. Suppose 3*b - d*b + 792 = 0. Calculate the remainder when (16 - 13)*(2 - b/(-6)) is divided by 17.
16
Suppose -6647*f + 313 = -6646*f. What is the remainder when f is divided by 101?
10
What is the remainder when 22530/7 - (-54)/126 is divided by 35?
34
Suppose 933 - 777 = 78*z. What is the remainder when 159 is divided by z?
1
Let v(z) = -z**3 + 18*z**2 - 16*z + 109. Calculate the remainder when 252 is divided by v(17).
0
Suppose -s + 4*s - 195 = 0. Suppose y = -4, -5*y = 5*o - 0*o - s. Suppose 5*j - o = 53. What is the remainder when 41 is divided by j?
13
Let y(v) = -24*v**3 - 8*v**2 - 22*v - 42. What is the remainder when y(-7) is divided by 5?
2
Let u(w) = w**2 + 11*w - 42. Let a = -113 - -98. What is the remainder when 68 is divided by u(a)?
14
Suppose 4*m = -0*u - 2*u - 1972, 3*u + 2949 = 3*m. Suppose 68 = 10*w - 142. What is the remainder when (u/(-60))/((-3)/5 - -1) is divided by w?
20
Suppose -5*w + 6954 = 650*m - 646*m, 0 = 2*w - 4*m - 2804. What is the remainder when w is divided by 20?
14
Let z = 50 + -121. Let a = z + 94. What is the remainder when 320 is divided by a?
21
Let l = 55 + -36. Suppose 13 = -4*u + w, -6*w + l = 3*u - w. What is the remainder when u + 9 + (-1 - -2) is divided by 5?
3
Let p(c) = 50*c - 14. Suppose 0 = -2*v + 8 - 24. Let z be p(v). What is the remainder when 26 is divided by z/(-72) - (1 + (-10)/8)?
2
Let r = 1978 + 539. What is the remainder when r is divided by 45?
42
Let p = -1297 - -1300. What is the remainder when 321 is divided by p?
0
Let r(x) = 12*x - 134. Let w be r(-5). Let i = -82 - w. What is the remainder when i is divided by 42?
28
Let n be 3 + 2 - (4/1)/4. Suppose -2*x + 16 = -n*t, 5*t - t = -3*x - 16. What is the remainder when -1*(t/6)/((-2)/(-15)) is divided by 4?
1
Let k be (-1 + 4)/(-6)*650. Let j = -213 - k. Suppose -104 = -6*i + j. What is the remainder when i is divided by 14?
8
Suppose -5*u - 104 = -44. Let h = u - -71. What is the remainder when h is divided by 13?
7
Suppose 87711 = 49*m + 24*m - 155963. What is the remainder when m is divided by 19?
13
Suppose 0 = -6*s + 2731 - 511. Let j be s/22 + 8/44. Suppose -j = 4*o - 133. Calculate the remainder when 57 is divided by o.
28
Let g be 58*(22/4)/(7/14). Suppose -22*q - g = -33*q. Calculate the remainder when 288 is divided by q.
56
Let o(z) = 8*z + 7. Let u be (189/(-18) + 9)/((-2)/12). Suppose -u*f - 120 = -13*f. Calculate the remainder when o(10) is divided by f.
27
Suppose -29*t - 44697 = -47220. What is the remainder when 5299 is divided by t?
79
Suppose -8*z = -0*z - 536. Let k(f) = f**2 - f - 2. Let q be k(3). Let c(o) = o**3 - 3*o**2 + 4*o + 3. What is the remainder when z is divided by c(q)?
32
Suppose -g - 17*v = -16*v - 51, -v - 261 = -5*g. What is the remainder when 301 is divided by g?
41
Let c(a) = -a**2 + 13*a + 16. Let r(k) = -k**2 + 15*k + 15. Let x(h) = -4*c(h) + 3*r(h). What is the remainder when 393 is divided by x(-3)?
8
Suppose 5*o = 2*i - 147, 4*i = -17*o + 18*o + 267. Suppose 4*g + 50 - 1098 = 0. What is the remainder when g is divided by i?
64
Let u(b) = 9 + 13*b - 5*b**3 - 7*b + 13*b**2 - 6*b**3. What is the remainder when u(-